{"id":107,"date":"2025-08-11T18:32:42","date_gmt":"2025-08-11T18:32:42","guid":{"rendered":"https:\/\/pantabilen.se\/?page_id=107"},"modified":"2025-08-14T10:24:23","modified_gmt":"2025-08-14T10:24:23","slug":"om-panta-bilen","status":"publish","type":"page","link":"https:\/\/pantabilen.se\/?page_id=107","title":{"rendered":"Om Oss"},"content":{"rendered":"\t\t<div data-elementor-type=\"wp-page\" data-elementor-id=\"107\" class=\"elementor elementor-107\">\n\t\t\t\t<div class=\"elementor-element elementor-element-47a8853c e-con-full e-flex e-con e-parent\" data-id=\"47a8853c\" data-element_type=\"container\" data-settings=\"{&quot;background_background&quot;:&quot;classic&quot;}\">\n\t\t<div class=\"elementor-element elementor-element-17565af1 e-con-full e-flex e-con e-child\" data-id=\"17565af1\" data-element_type=\"container\" data-settings=\"{&quot;background_background&quot;:&quot;classic&quot;}\">\n\t\t\t\t<\/div>\n\t\t<div class=\"elementor-element elementor-element-8734fb e-con-full e-flex e-con e-child\" data-id=\"8734fb\" data-element_type=\"container\">\n\t\t\t\t<div class=\"elementor-element elementor-element-3fd0410 elementor-widget elementor-widget-heading\" data-id=\"3fd0410\" data-element_type=\"widget\" data-widget_type=\"heading.default\">\n\t\t\t\t\t<h1 class=\"elementor-heading-title elementor-size-default\">Om Panta Bilen<\/h1>\t\t\t\t<\/div>\n\t\t\t\t<div class=\"elementor-element elementor-element-662ba29b elementor-invisible elementor-widget elementor-widget-text-editor\" data-id=\"662ba29b\" data-element_type=\"widget\" data-settings=\"{&quot;_animation&quot;:&quot;fadeIn&quot;,&quot;_animation_delay&quot;:400}\" data-widget_type=\"text-editor.default\">\n\t\t\t\t\t\t\t\t\t<p>Vi har skapat \u201cPanta bilen\u201d f\u00f6r att det ska vara lika enkelt att bli av med din skrotbil och f\u00e5 betalt, som det \u00e4r att panta en burk. Alla vet hur man pantar en burk, hur l\u00e4tt det \u00e4r och hur glad man blir f\u00f6r att f\u00e5 en slant, samtidigt som man v\u00e4rnar om milj\u00f6n!<br \/><br \/>S\u00e5 tycker vi att det ska vara n\u00e4r det g\u00e4ller skrotbilar ocks\u00e5! Alla borde veta hur det g\u00e5r till. Okunskapen g\u00f6r att m\u00e5nga har uppfattningen om att det \u00e4r en l\u00e5ng och kr\u00e5nglig process. Med v\u00e5r \u201cPanta bilen\u201d-tj\u00e4nst s\u00e5 kan man n\u00e4stan argumentera f\u00f6r att det \u00e4r enklare \u00e4n att panta en burk; f\u00f6r du kan \u00e4ven g\u00f6ra det via mobilen fr\u00e5n bekv\u00e4mligheten av soffan. Vad \u00e4n din anledning \u00e4r f\u00f6r att skrota din bil, s\u00e5 \u00e4r vi s\u00e4kra p\u00e5 att v\u00e5r tj\u00e4nst \u00e4r tillr\u00e4ckligt enkel, snabb och l\u00f6nsam.<\/p>\t\t\t\t\t\t\t\t<\/div>\n\t\t\t\t<\/div>\n\t\t\t\t<\/div>\n\t\t<div class=\"elementor-element elementor-element-243b162b e-con-full e-flex e-con e-parent\" data-id=\"243b162b\" data-element_type=\"container\" data-settings=\"{&quot;background_background&quot;:&quot;classic&quot;}\">\n\t\t<div class=\"elementor-element elementor-element-46fd6c19 e-con-full e-flex e-con e-child\" data-id=\"46fd6c19\" data-element_type=\"container\">\n\t\t\t\t<div class=\"elementor-element elementor-element-642346c5 elementor-widget elementor-widget-heading\" data-id=\"642346c5\" data-element_type=\"widget\" data-widget_type=\"heading.default\">\n\t\t\t\t\t<h2 class=\"elementor-heading-title elementor-size-default\">Tj\u00e4na pengar, samtiding som du v\u00e4rnar om milj\u00f6n<\/h2>\t\t\t\t<\/div>\n\t\t\t\t<div class=\"elementor-element elementor-element-14575f6a elementor-widget__width-initial elementor-widget-mobile__width-inherit elementor-widget elementor-widget-text-editor\" data-id=\"14575f6a\" data-element_type=\"widget\" data-widget_type=\"text-editor.default\">\n\t\t\t\t\t\t\t\t\t<p>Vi tycker att alla ska tj\u00e4na p\u00e5 att v\u00e4lja h\u00e5llbarhet. Det \u00e4r hela v\u00e5r tanke bakom den h\u00e4r id\u00e9n. Inga fler bilar som st\u00e5r oanv\u00e4nda eller skr\u00e4par i naturen. Vi ser till att de \u00e5tervinns och \u00e5teranv\u00e4nds, s\u00e5 att vi kan nyttja de resurser som redan finns och n\u00e5 de globala milj\u00f6m\u00e5len. Tillsammans kan ni hj\u00e4lpa oss att sprida ordet, nu skrotar vi inte bilen, vi pantar bilen!<\/p><p>Vi p\u00e5 Panta Bilen l\u00e4gger fokus p\u00e5 h\u00e5llbarhet och d\u00e4rf\u00f6r har vi tagit fram en l\u00f6sning som vi alla kan dra nytta av.<\/p>\t\t\t\t\t\t\t\t<\/div>\n\t\t\t\t<\/div>\n\t\t<div class=\"elementor-element elementor-element-e1c9ce9 e-con-full e-flex e-con e-child\" data-id=\"e1c9ce9\" data-element_type=\"container\" data-settings=\"{&quot;background_background&quot;:&quot;classic&quot;}\">\n\t\t\t\t<div class=\"elementor-element elementor-element-a86b02f elementor-widget elementor-widget-image\" data-id=\"a86b02f\" data-element_type=\"widget\" data-widget_type=\"image.default\">\n\t\t\t\t\t\t\t\t\t\t\t\t\t\t\t<img fetchpriority=\"high\" decoding=\"async\" width=\"2268\" height=\"2268\" src=\"https:\/\/pantabilen.se\/wp-content\/uploads\/2025\/08\/Title-2.png\" class=\"attachment-full size-full wp-image-299\" alt=\"\" srcset=\"https:\/\/pantabilen.se\/wp-content\/uploads\/2025\/08\/Title-2.png 2268w, https:\/\/pantabilen.se\/wp-content\/uploads\/2025\/08\/Title-2-300x300.png 300w, https:\/\/pantabilen.se\/wp-content\/uploads\/2025\/08\/Title-2-1024x1024.png 1024w, https:\/\/pantabilen.se\/wp-content\/uploads\/2025\/08\/Title-2-150x150.png 150w, https:\/\/pantabilen.se\/wp-content\/uploads\/2025\/08\/Title-2-768x768.png 768w, https:\/\/pantabilen.se\/wp-content\/uploads\/2025\/08\/Title-2-1536x1536.png 1536w, https:\/\/pantabilen.se\/wp-content\/uploads\/2025\/08\/Title-2-2048x2048.png 2048w\" sizes=\"(max-width: 2268px) 100vw, 2268px\" \/>\t\t\t\t\t\t\t\t\t\t\t\t\t\t\t<\/div>\n\t\t\t\t<\/div>\n\t\t\t\t<\/div>\n\t\t<div class=\"elementor-element elementor-element-8bda7f5 e-flex e-con-boxed e-con e-parent\" data-id=\"8bda7f5\" data-element_type=\"container\">\n\t\t\t\t\t<div class=\"e-con-inner\">\n\t\t\t\t<div class=\"elementor-element elementor-element-fd11a0f elementor-widget elementor-widget-spacer\" data-id=\"fd11a0f\" data-element_type=\"widget\" data-widget_type=\"spacer.default\">\n\t\t\t\t\t\t\t<div class=\"elementor-spacer\">\n\t\t\t<div class=\"elementor-spacer-inner\"><\/div>\n\t\t<\/div>\n\t\t\t\t\t\t<\/div>\n\t\t\t\t\t<\/div>\n\t\t\t\t<\/div>\n\t\t\t\t<\/div>\n\t\t","protected":false},"excerpt":{"rendered":"<p>Om Panta Bilen Vi har skapat \u201cPanta bilen\u201d f\u00f6r att det ska vara lika enkelt att bli av med din [&hellip;]<\/p>\n","protected":false},"author":1,"featured_media":295,"parent":0,"menu_order":0,"comment_status":"closed","ping_status":"closed","template":"elementor_header_footer","meta":{"site-sidebar-layout":"default","site-content-layout":"","ast-site-content-layout":"default","site-content-style":"default","site-sidebar-style":"default","ast-global-header-display":"","ast-banner-title-visibility":"","ast-main-header-display":"","ast-hfb-above-header-display":"","ast-hfb-below-header-display":"","ast-hfb-mobile-header-display":"","site-post-title":"","ast-breadcrumbs-content":"","ast-featured-img":"","footer-sml-layout":"","theme-transparent-header-meta":"","adv-header-id-meta":"","stick-header-meta":"","header-above-stick-meta":"","header-main-stick-meta":"","header-below-stick-meta":"","astra-migrate-meta-layouts":"default","ast-page-background-enabled":"default","ast-page-background-meta":{"desktop":{"background-color":"var(--ast-global-color-5)","background-image":"","background-repeat":"repeat","background-position":"center center","background-size":"auto","background-attachment":"scroll","background-type":"","background-media":"","overlay-type":"","overlay-color":"","overlay-opacity":"","overlay-gradient":""},"tablet":{"background-color":"","background-image":"","background-repeat":"repeat","background-position":"center center","background-size":"auto","background-attachment":"scroll","background-type":"","background-media":"","overlay-type":"","overlay-color":"","overlay-opacity":"","overlay-gradient":""},"mobile":{"background-color":"","background-image":"","background-repeat":"repeat","background-position":"center center","background-size":"auto","background-attachment":"scroll","background-type":"","background-media":"","overlay-type":"","overlay-color":"","overlay-opacity":"","overlay-gradient":""}},"ast-content-background-meta":{"desktop":{"background-color":"var(--ast-global-color-4)","background-image":"","background-repeat":"repeat","background-position":"center center","background-size":"auto","background-attachment":"scroll","background-type":"","background-media":"","overlay-type":"","overlay-color":"","overlay-opacity":"","overlay-gradient":""},"tablet":{"background-color":"var(--ast-global-color-4)","background-image":"","background-repeat":"repeat","background-position":"center center","background-size":"auto","background-attachment":"scroll","background-type":"","background-media":"","overlay-type":"","overlay-color":"","overlay-opacity":"","overlay-gradient":""},"mobile":{"background-color":"var(--ast-global-color-4)","background-image":"","background-repeat":"repeat","background-position":"center center","background-size":"auto","background-attachment":"scroll","background-type":"","background-media":"","overlay-type":"","overlay-color":"","overlay-opacity":"","overlay-gradient":""}},"footnotes":""},"class_list":["post-107","page","type-page","status-publish","has-post-thumbnail","hentry"],"_links":{"self":[{"href":"https:\/\/pantabilen.se\/index.php?rest_route=\/wp\/v2\/pages\/107","targetHints":{"allow":["GET"]}}],"collection":[{"href":"https:\/\/pantabilen.se\/index.php?rest_route=\/wp\/v2\/pages"}],"about":[{"href":"https:\/\/pantabilen.se\/index.php?rest_route=\/wp\/v2\/types\/page"}],"author":[{"embeddable":true,"href":"https:\/\/pantabilen.se\/index.php?rest_route=\/wp\/v2\/users\/1"}],"replies":[{"embeddable":true,"href":"https:\/\/pantabilen.se\/index.php?rest_route=%2Fwp%2Fv2%2Fcomments&post=107"}],"version-history":[{"count":12,"href":"https:\/\/pantabilen.se\/index.php?rest_route=\/wp\/v2\/pages\/107\/revisions"}],"predecessor-version":[{"id":314,"href":"https:\/\/pantabilen.se\/index.php?rest_route=\/wp\/v2\/pages\/107\/revisions\/314"}],"wp:featuredmedia":[{"embeddable":true,"href":"https:\/\/pantabilen.se\/index.php?rest_route=\/wp\/v2\/media\/295"}],"wp:attachment":[{"href":"https:\/\/pantabilen.se\/index.php?rest_route=%2Fwp%2Fv2%2Fmedia&parent=107"}],"curies":[{"name":"wp","href":"https:\/\/api.w.org\/{rel}","templated":true}]}}